.
32
Let m(g) = 6*g**3 - 43*g**2 + 12*g - 50. What is m(7)?
-15
Let o(s) = -s**3 + 7*s**2 + 989*s - 310. Determine o(35).
5
Let t(m) = m - 38. Give t(15).
-23
Let p(c) = -23594*c - 47196. Calculate p(-2).
-8
Let l(n) = -8*n**3 - 45*n**2 + 4*n + 14. Give l(-6).
98
Let c(a) = a**2 + 32*a - 2134. Calculate c(32).
-86
Let o(y) = 2*y**2 + 8*y + 75. Calculate o(13).
517
Let s(d) = 2*d**2 + 5*d - 223. Give s(15).
302
Let i(c) = 27725*c - 166355. Calculate i(6).
-5
Let p(j) = 2*j**2 - 48*j - 744. What is p(-12)?
120
Let t(l) = l**3 - 6*l**2 + 4*l + 42. Calculate t(7).
119
Let h(n) = n**3 + 6*n**2 - 14*n - 22. Give h(-8).
-38
Let w(q) = q**3 - 8*q**2 - 2*q + 112. Give w(7).
49
Let c(j) = -j**3 - 23*j**2 - j + 32. Calculate c(-23).
55
Let h(x) = -x**3 + x**2 - 6*x - 4. Calculate h(9).
-706
Let d(a) = -a**3 + 17*a**2 - 28*a - 2. Give d(14).
194
Let r(h) = 3*h**2 - 314*h - 348. What is r(106)?
76
Let u(g) = g**3 - 54*g**2 + 327*g + 91. What is u(47)?
-3
Let y(w) = -9*w**2 + 87*w + 24. Give y(10).
-6
Let m(y) = y**3 + 53*y**2 + 41*y - 563. Determine m(-52).
9
Let u(n) = -196*n + 266. What is u(1)?
70
Let w(n) = -10*n**3 + 3*n**2 - 3*n - 4. Calculate w(2).
-78
Let q(p) = -10707*p - 96368. Give q(-9).
-5
Let z(g) = 42*g - 86. Determine z(4).
82
Let z(l) = -17*l - 244. What is z(-8)?
-108
Let r(h) = -7*h - 36. Determine r(13).
-127
Let c(y) = 82*y + 584. Determine c(-7).
10
Let w(i) = 72*i + 58. What is w(-7)?
-446
Let d(r) = -677*r - 4734. What is d(-7)?
5
Let a(j) = -43*j - 4316. What is a(-100)?
-16
Let h(j) = 64*j**2 + 1213*j - 60. Calculate h(-19).
-3
Let g(n) = -2*n**2 + 29*n + 123. Calculate g(17).
38
Let o(g) = g**3 - 7*g**2 + 23*g - 151. What is o(7)?
10
Let j(k) = -k**3 - 46*k**2 + 2*k + 67. Calculate j(-46).
-25
Let b(p) = -p**2 + 165*p - 1387. Determine b(9).
17
Let m(p) = 245*p - 1719. What is m(7)?
-4
Let w(p) = -p**3 + 2*p**2 + 20*p + 59. Determine w(-4).
75
Let o(n) = 14*n**2 + 2*n - 3. What is o(3)?
129
Let y(f) = -10*f**2 + 531*f - 48. Determine y(53).
5
Let w(a) = -592*a + 4142. Give w(7).
-2
Let j(x) = 2*x**3 + 155*x**2 - 238*x - 79. What is j(-79)?
0
Let o(z) = 2*z**3 - 2*z**2 - 6*z + 21. Determine o(2).
17
Let k(i) = -2*i**2 - 21*i - 87. Determine k(-4).
-35
Let z(j) = -j**3 + 42*j**2 + 648*j - 37. What is z(-12)?
-37
Let t(q) = -487*q**2 + 2*q - 2. Calculate t(1).
-487
Let q(h) = 31*h + 239. Give q(-6).
53
Let h(g) = -2407*g + 274400. Calculate h(114).
2
Let m(a) = -a**2 + 832*a - 5770. Calculate m(7).
5
Let q(x) = -x**2 + 4*x + 1924. Calculate q(-42).
-8
Let l(n) = -n**3 + 9*n**2 - 38*n + 300. What is l(11)?
-360
Let k(r) = r**3 - 6*r**2 - 5*r - 72. What is k(0)?
-72
Let z(o) = 5*o**2 - 87*o + 36. What is z(17)?
2
Let n(x) = -x**2 - 15*x - 58. Give n(-8).
-2
Let a(y) = 753*y - 72291. Calculate a(96).
-3
Let r(m) = -7*m**2 + 5*m + 132. What is r(-8)?
-356
Let r(g) = 2*g**3 + 20*g**2 + 44*g + 94. What is r(-8)?
-2
Let z(k) = -2*k**2 + 56*k - 370. Determine z(28).
-370
Let f(h) = -1233*h + 12314. Give f(10).
-16
Let o(u) = u**2 - 302*u + 12403. Determine o(49).
6
Let i(o) = o**2 - 1305*o - 10468. What is i(-8)?
36
Let p(w) = -2*w**3 - 7*w**2 + 23*w - 5. Determine p(-6).
37
Let z(y) = -y**3 + 11*y**2 - 24*y + 118. What is z(10)?
-22
Let x(t) = -7*t**2 - 613*t + 257. What is x(-88)?
-7
Let p(n) = n**3 - 3*n**2 - 95*n - 64. What is p(-8)?
-8
Let k(v) = 3*v**2 - 15*v - 315. What is k(-9)?
63
Let b(x) = -x**3 + 9*x**2 - 18*x + 41. What is b(10)?
-239
Let h(u) = 37*u**2 + 170*u - 47. What is h(-5)?
28
Let s(t) = -86*t + 272. Calculate s(3).
14
Let q(v) = -10*v**2 + v - 4. Calculate q(-3).
-97
Let d(j) = -j**2 - 482*j - 13984. Calculate d(-31).
-3
Let l(w) = -3*w - 447. Determine l(-45).
-312
Let r(c) = -29*c**2 - 70*c + 51. What is r(-3)?
0
Let w(v) = v**2 + 13*v - 159. Calculate w(8).
9
Let p(k) = k**3 + 14*k**2 + 37*k - 37. Determine p(-9).
35
Let i(d) = 2*d**2 - 172*d - 525. What is i(-3)?
9
Let y(k) = -k**3 + 86*k**2 - 211*k - 3273. What is y(83)?
-119
Let p(a) = -49*a - 367. Determine p(5).
-612
Let z(s) = -s**2 + 19*s - 34. Give z(14).
36
Let r(v) = -5*v**3 - 19*v**2 - 8*v + 6. What is r(1)?
-26
Let b(u) = 270*u + 104. What is b(2)?
644
Let j(z) = 5833*z - 99139. What is j(17)?
22
Let o(s) = -s**3 + 9*s**2 + 23*s - 164. Give o(8).
84
Let t(x) = 5*x**2 + 115*x + 117. Give t(-22).
7
Let u(h) = 118*h + 581. Determine u(-5).
-9
Let p(k) = -k**3 + 3*k**2 + 25*k - 6. Determine p(7).
-27
Let q(t) = 5005*t + 15036. Give q(-3).
21
Let q(y) = -1260*y + 4905. Calculate q(4).
-135
Let l(r) = -r**2 + 19*r + 53. Calculate l(24).
-67
Let y(w) = 33*w**2 - 1748*w - 54. Give y(53).
-1
Let o(s) = -60*s - 1820. Calculate o(-30).
-20
Let o(t) = -t**3 - 8*t**2 + 11*t + 23. Calculate o(-9).
5
Let v(q) = 3*q**3 + 537*q**2 + 531*q - 593. What is v(-178)?
-59
Let h(b) = -20*b - 22. Calculate h(-8).
138
Let a(f) = f**2 - 28*f - 40. Calculate a(29).
-11
Let d(y) = -y**3 - 11*y**2 - 43*y - 149. Calculate d(-8).
3
Let n(k) = -230*k - 12872. Give n(-56).
8
Let r(i) = -i**3 + 5*i**2 + 72*i + 85. Give r(-5).
-25
Let x(g) = 3*g**3 + 4*g**2 - 18*g - 67. What is x(-4)?
-123
Let y(n) = n**3 + 18*n**2 - 52*n - 249. Calculate y(-20).
-9
Let o(a) = -a**3 - 10*a**2 - 21*a - 163. Calculate o(-9).
-55
Let d(j) = -6*j**3 - 48*j**2 - 4*j + 43. Determine d(-8).
75
Let w(j) = -1534*j - 95118. What is w(-62)?
-10
Let z(c) = c**3 - 5*c**2 + 92*c - 503. Determine z(5).
-43
Let l(i) = -i**2 - 55*i - 320. What is l(-11)?
164
Let b(u) = 35*u - 152. Give b(0).
-152
Let k(f) = -3*f**2 + 8*f + 148. Give k(-6).
-8
Let g(h) = -2*h**3 - 23*h**2 - 10*h + 13. Determine g(-11).
2
Let m(v) = -v**3 - 7*v**2 + 34*v + 28. Give m(6).
-236
Let l(y) = -2*y**2 + 1695*y + 49030. What is l(-28)?
2
Let t(c) = -2*c**2 + 67*c - 473. Give t(24).
-17
Let n(p) = -p**2 - 139*p - 919. Give n(-132).
5
Let a(t) = 2*t**2 + 10*t - 240. Give a(11).
112
Let d(v) = 12*v + 16. What is d(-7)?
-68
Let o(g) = g**3 + 42*g**2 - 48*g + 159. Calculate o(-43).
374
Let a(d) = 2850*d + 31355. Give a(-11).
5
Let a(v) = 16*v - 1498. Calculate a(113).
310
Let w(n) = 3*n + 35. Determine w(-14).
-7
Let t(x) = -2*x**3 - 3*x**2 + 12*x + 32. Calculate t(-2).
12
Let j(i) = -2*i**2 - 244*i + 6672. Calculate j(-145).
2
Let b(m) = -m**3 - 27*m**2 - 10*m - 161. Calculate b(-27).
109
Let m(j) = -j**3 - 14*j**2 + 42*j + 108. Give m(-17).
261
Let j(i) = 2*i**3 - 61*i**2 - 37*i - 1. What is j(31)?
-187
Let v(j) = 6*j**2 - 36*j - 9. What is v(6)?
-9
Let l(v) = 4*v**2 + 119*v - 339. Give l(-32).
-51
Let q(r) = -r**3 + 24*r**2 - 14*r - 134. Calculate q(22).
526
Let j(c) = -c**2 - 41*c - 63. What is j(-37)?
85
Let j(y) = -5*y - 144. Calculate j(-22).
-34
Let n(q) = 124*q**2 + 1116*q + 3. Calculate n(-9).
3
Let l(q) = q**2 - 31*q - 163. Give l(30).
-193
Let s(r) = -26*r**2 - 156*r + 5. Give s(-6).
5
Let d(i) = -i**2 - 126*i + 595. What is d(5)?
-60
Let f(l) = l**3 + 47*l**2 + 185*l + 191. What is f(-43)?
-368
Let k(n) = -306*n**2 + 260*n + 260. What is k(-1)?
-306
Let n(k) = -k**3 - 687*k**2 - 4757*k + 16. Give n(-7).
-5
Let r(w) = -16*w + 566. Determine r(49).
-218
Let c(t) = -7*t**2 + 11*t - 10. Determine c(1).
-6
Let y(h) = 30*h**2 + 34*h - 33. What is y(1)?
31
Let z(k) = 348*k - 2862. Determine z(8).
-78
Let c(n) = n**3 - 16*n**2 + 21*n - 55. Calculate c(12).
-379
Let s(z) = -2*z**3 - 69*z**2 - 37*z - 124. Calculate s(-34).
-22
Let h(g) = 17*g**2 + 72*g + 9. What is h(-4)?
-7
Let g(x) = 24*x**2 - 26*x - 3. Calculate g(-2).
145
Let q(p) = 3*p**2 + 112*p + 51. Calculate q(-32).
-461
Let j(s) = 19*s**2 + 35*s + 20. What is j(-1)?
4
Let l(j) = -j**2 - 26*j - 73. Calculate l(-3).
-4
Let s(r) = -3*r**2 - 124*r + 1813. Determine s(-53).
-42
Let a(t) = -13*t**2 - 85*t + 28. What is a(-7)?
-14
Let r(s) = 40*s - 18. Give r(0).
-18
Let m(u) = 317*u**2 + 2218*u + 22. What is m(-7)?
29
Let y(d) = d**3 - 283*d**2 + 6205*d + 2845. Calculate y(259).
-4
Let b(l) = -l**2 + 9*l + 594. What is b(-20)?
14
Let c(o) = -o**3 + 46*o**2 + 371*o - 46. Give c(53).
-46
Let f(m) = 801*m + 5585. What is f(-7)?
-22
Let w(a) = -889*a + 7101. Calculate w(8).
-11
Let w(g) = g**3 - 20*g**2 + 96*g + 2. Determine w(8).
2
Let m(f) = 175*f - 10508. Calculate m(60).
-8
Let w(g) = -2*g**3 - 8*g**2 + 50*g - 11. Determine w(-8).
101
Let l(n) = -2*n**3 - 25*n**2 + 61*n + 44. Determine l(3).
